{"id":27162,"date":"2026-02-20T10:09:54","date_gmt":"2026-02-20T15:09:54","guid":{"rendered":"https:\/\/smartax.com.co\/smartax\/?post_type=product&#038;p=27162"},"modified":"2026-02-20T10:08:32","modified_gmt":"2026-02-20T15:08:32","slug":"manual-actualizacion-tributaria-2026-numero-33-edicion-impresa","status":"publish","type":"product","link":"https:\/\/smartax.com.co\/smartax\/producto\/manual-actualizacion-tributaria-2026-numero-33-edicion-impresa\/","title":{"rendered":"Manual Actualizaci\u00f3n Tributaria 2026 N\u00famero 33 Edici\u00f3n impresa"},"content":{"rendered":"<p><img fetchpriority=\"high\" decoding=\"async\" class=\"wp-image-27165 size-full aligncenter\" src=\"https:\/\/smartax.com.co\/smartax\/wp-content\/uploads\/2026\/01\/Impreso_4.jpg\" alt=\"\" width=\"600\" height=\"600\" srcset=\"https:\/\/smartax.com.co\/smartax\/wp-content\/uploads\/2026\/01\/Impreso_4.jpg 600w, https:\/\/smartax.com.co\/smartax\/wp-content\/uploads\/2026\/01\/Impreso_4-300x300.jpg 300w, https:\/\/smartax.com.co\/smartax\/wp-content\/uploads\/2026\/01\/Impreso_4-150x150.jpg 150w, https:\/\/smartax.com.co\/smartax\/wp-content\/uploads\/2026\/01\/Impreso_4-100x100.jpg 100w\" sizes=\"(max-width: 600px) 100vw, 600px\" \/><\/p>\n<p>&nbsp;<\/p>\n<p>Despu\u00e9s de <strong>32 a\u00f1os<\/strong>, nuestro Manual actualizaci\u00f3n tributaria, sigue siendo una herramienta clave para dinamizar el d\u00eda a d\u00eda de muchos profesionales de impuestos y empresarios.<\/p>\n<p>Nuestra idea con el Manual siempre ha sido hacer un aporte de valor para la comunidad de profesionales de impuestos, contabilidad y afines, buscando reunir en una publicaci\u00f3n los datos de m\u00e1s importancia y constante consulta.<\/p>\n<p>Recibir\u00e1s una copia f\u00edsica de nuestro manual en la ubicaci\u00f3n de tu elecci\u00f3n en el territorio nacional de Colombia, con pago contra entrega del servicio de env\u00edo.<\/p>\n<p><img decoding=\"async\" class=\"aligncenter wp-image-27166 size-full\" src=\"https:\/\/smartax.com.co\/smartax\/wp-content\/uploads\/2026\/01\/Impreso_1.jpg\" alt=\"\" width=\"1200\" height=\"633\" srcset=\"https:\/\/smartax.com.co\/smartax\/wp-content\/uploads\/2026\/01\/Impreso_1.jpg 1200w, https:\/\/smartax.com.co\/smartax\/wp-content\/uploads\/2026\/01\/Impreso_1-300x158.jpg 300w, https:\/\/smartax.com.co\/smartax\/wp-content\/uploads\/2026\/01\/Impreso_1-1024x540.jpg 1024w, https:\/\/smartax.com.co\/smartax\/wp-content\/uploads\/2026\/01\/Impreso_1-768x405.jpg 768w, https:\/\/smartax.com.co\/smartax\/wp-content\/uploads\/2026\/01\/Impreso_1-600x317.jpg 600w\" sizes=\"(max-width: 1200px) 100vw, 1200px\" \/><\/p>\n<h3 class=\"null\"><span style=\"color: #ff0000;\">En esta edici\u00f3n encontrar\u00e1s datos de mucha utilidad para los a\u00f1os gravables 2024 y 2025:<\/span><\/h3>\n<p>&nbsp;<\/p>\n<ul>\n<li>Calendarios de plazos y vencimientos.<\/li>\n<li>Tasas de intereses moratorios.<\/li>\n<li>Sanciones.<\/li>\n<li>R\u00e9gimen Simple de Tributaci\u00f3n.<\/li>\n<li>Tabla de retenci\u00f3n en la fuente.<\/li>\n<li>Impuesto a dividendos.<\/li>\n<li>Impuesto al patrimonio.<\/li>\n<li>Impuesto a las ventas &#8211; IVA.<\/li>\n<li>Impuesto sobre la renta.<\/li>\n<li>Ajuste de activos fijos para personas naturales.<\/li>\n<li>Deducciones especiales.<\/li>\n<li>Algunos datos estad\u00edsticos.<\/li>\n<li>Descuentos tributarios.<\/li>\n<li>Cr\u00e9ditos fiscales.<\/li>\n<li>Rentas exentas.<\/li>\n<li>Ganancias ocasionales exentas.<\/li>\n<li>Informaci\u00f3n ex\u00f3gena.<\/li>\n<li>Tasa m\u00ednima de tributaci\u00f3n.<\/li>\n<li>Datos laborales.<\/li>\n<li>Otras consideraciones.<\/li>\n<\/ul>\n<p>&nbsp;<\/p>\n<p>Tambi\u00e9n puedes adquirir la versi\u00f3n digital descargable en formato PDF de nuestro Manual de actualizaci\u00f3n tributaria 2026 aqu\u00ed: https:\/\/smartax.com.co\/smartax\/producto\/manual-de-actualizacion-tributaria-2026-numero-33-edicion-digital-en-pdf\/<\/p>\n","protected":false},"excerpt":{"rendered":"<h3 class=\"null\">Manual de actualizaci\u00f3n tributaria 2026 edici\u00f3n impresa<\/h3>\n<p>Nuestro Manual de actualizaci\u00f3n tributaria llega a su edici\u00f3n n\u00famero 33, como es usual incluimos datos clave en materia tributaria, contable y otros datos de inter\u00e9s y amplia utilidad para los profesionales de impuestos y afines.<\/p>\n<p>Recibir\u00e1s una copia f\u00edsica de nuestro manual en la ubicaci\u00f3n de tu elecci\u00f3n en el territorio nacional de Colombia, con pago contra entrega del servicio de env\u00edo.<\/p>\n","protected":false},"featured_media":27167,"template":"","meta":{"_acf_changed":false},"product_brand":[],"product_cat":[16],"product_tag":[],"class_list":{"0":"post-27162","1":"product","2":"type-product","3":"status-publish","4":"has-post-thumbnail","6":"product_cat-sin-categorizar","8":"first","9":"instock","10":"taxable","11":"shipping-taxable","12":"purchasable","13":"product-type-simple"},"acf":[],"_links":{"self":[{"href":"https:\/\/smartax.com.co\/smartax\/wp-json\/wp\/v2\/product\/27162","targetHints":{"allow":["GET"]}}],"collection":[{"href":"https:\/\/smartax.com.co\/smartax\/wp-json\/wp\/v2\/product"}],"about":[{"href":"https:\/\/smartax.com.co\/smartax\/wp-json\/wp\/v2\/types\/product"}],"wp:featuredmedia":[{"embeddable":true,"href":"https:\/\/smartax.com.co\/smartax\/wp-json\/wp\/v2\/media\/27167"}],"wp:attachment":[{"href":"https:\/\/smartax.com.co\/smartax\/wp-json\/wp\/v2\/media?parent=27162"}],"wp:term":[{"taxonomy":"product_brand","embeddable":true,"href":"https:\/\/smartax.com.co\/smartax\/wp-json\/wp\/v2\/product_brand?post=27162"},{"taxonomy":"product_cat","embeddable":true,"href":"https:\/\/smartax.com.co\/smartax\/wp-json\/wp\/v2\/product_cat?post=27162"},{"taxonomy":"product_tag","embeddable":true,"href":"https:\/\/smartax.com.co\/smartax\/wp-json\/wp\/v2\/product_tag?post=27162"}],"curies":[{"name":"wp","href":"https:\/\/api.w.org\/{rel}","templated":true}]}}